[INFO] cloning repository https://github.com/canozo/aoc-rust
[INFO] running `Command { std: "git" "-c" "credential.helper=" "-c" "credential.helper=/workspace/cargo-home/bin/git-credential-null" "clone" "--bare" "https://github.com/canozo/aoc-rust" "/workspace/cache/git-repos/https%3A%2F%2Fgithub.com%2Fcanozo%2Faoc-rust", kill_on_drop: false }`
[INFO] [stderr] Cloning into bare repository '/workspace/cache/git-repos/https%3A%2F%2Fgithub.com%2Fcanozo%2Faoc-rust'...
[INFO] running `Command { std: "git" "rev-parse" "HEAD", kill_on_drop: false }`
[INFO] [stdout] 0edfdea2a2a6d73888d51341c7e743549bb74247
[INFO] checking canozo/aoc-rust against master#e6e4f7ed1589e03bc2f6c5931c1a72e7947e8682 for beta-170-4
[INFO] running `Command { std: "git" "clone" "/workspace/cache/git-repos/https%3A%2F%2Fgithub.com%2Fcanozo%2Faoc-rust" "/workspace/builds/worker-5-tc2/source", kill_on_drop: false }`
[INFO] [stderr] Cloning into '/workspace/builds/worker-5-tc2/source'...
[INFO] [stderr] done.
[INFO] validating manifest of git repo https://github.com/canozo/aoc-rust on toolchain e6e4f7ed1589e03bc2f6c5931c1a72e7947e8682
[INFO] running `Command { std: CARGO_HOME="/workspace/cargo-home" RUSTUP_HOME="/workspace/rustup-home" "/workspace/cargo-home/bin/cargo" "+e6e4f7ed1589e03bc2f6c5931c1a72e7947e8682" "metadata" "--manifest-path" "Cargo.toml" "--no-deps", kill_on_drop: false }`
[INFO] started tweaking git repo https://github.com/canozo/aoc-rust
[INFO] finished tweaking git repo https://github.com/canozo/aoc-rust
[INFO] tweaked toml for git repo https://github.com/canozo/aoc-rust written to /workspace/builds/worker-5-tc2/source/Cargo.toml
[INFO] crate git repo https://github.com/canozo/aoc-rust already has a lockfile, it will not be regenerated
[INFO] running `Command { std: CARGO_HOME="/workspace/cargo-home" RUSTUP_HOME="/workspace/rustup-home" "/workspace/cargo-home/bin/cargo" "+e6e4f7ed1589e03bc2f6c5931c1a72e7947e8682" "fetch" "--manifest-path" "Cargo.toml", kill_on_drop: false }`
[INFO] running `Command { std: "docker" "create" "-v" "/var/lib/crater-agent-workspace/builds/worker-5-tc2/target:/opt/rustwide/target:rw,Z" "-v" "/var/lib/crater-agent-workspace/builds/worker-5-tc2/source:/opt/rustwide/workdir:ro,Z" "-v" "/var/lib/crater-agent-workspace/cargo-home:/opt/rustwide/cargo-home:ro,Z" "-v" "/var/lib/crater-agent-workspace/rustup-home:/opt/rustwide/rustup-home:ro,Z" "-e" "SOURCE_DIR=/opt/rustwide/workdir" "-e" "CARGO_TARGET_DIR=/opt/rustwide/target" "-e" "CARGO_HOME=/opt/rustwide/cargo-home" "-e" "RUSTUP_HOME=/opt/rustwide/rustup-home" "-w" "/opt/rustwide/workdir" "-m" "1610612736" "--user" "0:0" "--network" "none" "ghcr.io/rust-lang/crates-build-env/linux@sha256:19e73879b68f455e41552ea35293514db52ea292d993f571636dbffedb77a1ee" "/opt/rustwide/cargo-home/bin/cargo" "+e6e4f7ed1589e03bc2f6c5931c1a72e7947e8682" "metadata" "--no-deps" "--format-version=1", kill_on_drop: false }`
[INFO] [stdout] 9cdf2d40dce03163c5b786fb29bc77939c21f387c78c2b675ca441ffeea75f54
[INFO] running `Command { std: "docker" "start" "-a" "9cdf2d40dce03163c5b786fb29bc77939c21f387c78c2b675ca441ffeea75f54", kill_on_drop: false }`
[INFO] running `Command { std: "docker" "inspect" "9cdf2d40dce03163c5b786fb29bc77939c21f387c78c2b675ca441ffeea75f54", kill_on_drop: false }`
[INFO] running `Command { std: "docker" "rm" "-f" "9cdf2d40dce03163c5b786fb29bc77939c21f387c78c2b675ca441ffeea75f54", kill_on_drop: false }`
[INFO] [stdout] 9cdf2d40dce03163c5b786fb29bc77939c21f387c78c2b675ca441ffeea75f54
[INFO] running `Command { std: "docker" "create" "-v" "/var/lib/crater-agent-workspace/builds/worker-5-tc2/target:/opt/rustwide/target:rw,Z" "-v" "/var/lib/crater-agent-workspace/builds/worker-5-tc2/source:/opt/rustwide/workdir:ro,Z" "-v" "/var/lib/crater-agent-workspace/cargo-home:/opt/rustwide/cargo-home:ro,Z" "-v" "/var/lib/crater-agent-workspace/rustup-home:/opt/rustwide/rustup-home:ro,Z" "-e" "SOURCE_DIR=/opt/rustwide/workdir" "-e" "CARGO_TARGET_DIR=/opt/rustwide/target" "-e" "CARGO_INCREMENTAL=0" "-e" "RUST_BACKTRACE=full" "-e" "RUSTFLAGS=--cap-lints=forbid" "-e" "RUSTDOCFLAGS=--cap-lints=forbid" "-e" "CARGO_HOME=/opt/rustwide/cargo-home" "-e" "RUSTUP_HOME=/opt/rustwide/rustup-home" "-w" "/opt/rustwide/workdir" "-m" "1610612736" "--user" "0:0" "--network" "none" "ghcr.io/rust-lang/crates-build-env/linux@sha256:19e73879b68f455e41552ea35293514db52ea292d993f571636dbffedb77a1ee" "/opt/rustwide/cargo-home/bin/cargo" "+e6e4f7ed1589e03bc2f6c5931c1a72e7947e8682" "check" "--frozen" "--all" "--all-targets" "--message-format=json", kill_on_drop: false }`
[INFO] [stdout] 27b1922dcc58897dbacd5eef022bf9e4998fe3069d64dbd19a6168753a4d6d52
[INFO] running `Command { std: "docker" "start" "-a" "27b1922dcc58897dbacd5eef022bf9e4998fe3069d64dbd19a6168753a4d6d52", kill_on_drop: false }`
[INFO] [stderr]     Checking aoc-rust v0.1.0 (/opt/rustwide/workdir)
[INFO] [stdout] error[E0583]: file not found for module `day05`
[INFO] [stdout]  --> src/event22/mod.rs:5:1
[INFO] [stdout]   |
[INFO] [stdout] 5 | pub mod day05;
[INFO] [stdout]   | ^^^^^^^^^^^^^^
[INFO] [stdout]   |
[INFO] [stdout]   = help: to create the module `day05`, create file "src/event22/day05.rs" or "src/event22/day05/mod.rs"
[INFO] [stdout] 
[INFO] [stdout] 
[INFO] [stdout] error[E0583]: file not found for module `day05`
[INFO] [stdout]  --> src/event22/mod.rs:5:1
[INFO] [stdout]   |
[INFO] [stdout] 5 | pub mod day05;
[INFO] [stdout]   | ^^^^^^^^^^^^^^
[INFO] [stdout]   |
[INFO] [stdout]   = help: to create the module `day05`, create file "src/event22/day05.rs" or "src/event22/day05/mod.rs"
[INFO] [stdout] 
[INFO] [stdout] 
[INFO] [stdout] error[E0425]: cannot find function `solve` in module `event22::day05`
[INFO] [stdout]   --> src/main.rs:19:25
[INFO] [stdout]    |
[INFO] [stdout] 19 |         event22::day05::solve()?,
[INFO] [stdout]    |                         ^^^^^ not found in `event22::day05`
[INFO] [stdout]    |
[INFO] [stdout] help: consider importing one of these items
[INFO] [stdout]    |
[INFO] [stdout] 4  + use crate::event15::day01::solve;
[INFO] [stdout]    |
[INFO] [stdout] 4  + use crate::event15::day02::solve;
[INFO] [stdout]    |
[INFO] [stdout] 4  + use crate::event15::day03::solve;
[INFO] [stdout]    |
[INFO] [stdout] 4  + use crate::event22::day01::solve;
[INFO] [stdout]    |
[INFO] [stdout]      and 3 other candidates
[INFO] [stdout] help: if you import `solve`, refer to it directly
[INFO] [stdout]    |
[INFO] [stdout] 19 -         event22::day05::solve()?,
[INFO] [stdout] 19 +         solve()?,
[INFO] [stdout]    |
[INFO] [stdout] 
[INFO] [stdout] 
[INFO] [stdout] error[E0425]: cannot find function `solve` in module `event22::day05`
[INFO] [stdout]   --> src/main.rs:19:25
[INFO] [stdout]    |
[INFO] [stdout] 19 |         event22::day05::solve()?,
[INFO] [stdout]    |                         ^^^^^ not found in `event22::day05`
[INFO] [stdout]    |
[INFO] [stdout] help: consider importing one of these items
[INFO] [stdout]    |
[INFO] [stdout] 4  + use crate::event15::day01::solve;
[INFO] [stdout]    |
[INFO] [stdout] 4  + use crate::event15::day02::solve;
[INFO] [stdout]    |
[INFO] [stdout] 4  + use crate::event15::day03::solve;
[INFO] [stdout]    |
[INFO] [stdout] 4  + use crate::event22::day01::solve;
[INFO] [stdout]    |
[INFO] [stdout]      and 3 other candidates
[INFO] [stdout] help: if you import `solve`, refer to it directly
[INFO] [stdout]    |
[INFO] [stdout] 19 -         event22::day05::solve()?,
[INFO] [stdout] 19 +         solve()?,
[INFO] [stdout]    |
[INFO] [stdout] 
[INFO] [stdout] 
[INFO] [stdout] error: aborting due to 2 previous errors
[INFO] [stdout] 
[INFO] [stdout] 
[INFO] [stdout] Some errors have detailed explanations: E0425, E0583.
[INFO] [stdout] 
[INFO] [stdout] For more information about an error, try `rustc --explain E0425`.
[INFO] [stdout] 
[INFO] [stderr] error: could not compile `aoc-rust` (bin "aoc-rust") due to 3 previous errors
[INFO] [stderr] warning: build failed, waiting for other jobs to finish...
[INFO] [stdout] error: aborting due to 2 previous errors
[INFO] [stdout] 
[INFO] [stdout] 
[INFO] [stdout] Some errors have detailed explanations: E0425, E0583.
[INFO] [stdout] 
[INFO] [stdout] For more information about an error, try `rustc --explain E0425`.
[INFO] [stdout] 
[INFO] [stderr] error: could not compile `aoc-rust` (bin "aoc-rust" test) due to 3 previous errors
[INFO] running `Command { std: "docker" "inspect" "27b1922dcc58897dbacd5eef022bf9e4998fe3069d64dbd19a6168753a4d6d52", kill_on_drop: false }`
[INFO] running `Command { std: "docker" "rm" "-f" "27b1922dcc58897dbacd5eef022bf9e4998fe3069d64dbd19a6168753a4d6d52", kill_on_drop: false }`
[INFO] [stdout] 27b1922dcc58897dbacd5eef022bf9e4998fe3069d64dbd19a6168753a4d6d52
